s 39258 a multiple of 18?
True
Is 670 a multiple of 68?
False
Is 796 a multiple of 199?
True
Is 6810 a multiple of 15?
True
Is 112 a multiple of 14?
True
Is 2357 a multiple of 72?
False
Is 7 a factor of 14?
True
Does 37 divide 541?
False
Does 3 divide 91?
False
Is 22 a factor of 3627?
False
Is 11 a factor of 12705?
True
Is 42 a factor of 1848?
True
Is 18 a factor of 18308?
False
Is 9580 a multiple of 20?
True
Is 1756 a multiple of 4?
True
Is 6511 a multiple of 150?
False
Is 45 a factor of 4325?
False
Does 33 divide 34210?
False
Is 4 a factor of 58?
False
Is 288 a multiple of 6?
True
Is 381 a multiple of 48?
False
Is 18 a factor of 792?
True
Does 77 divide 1925?
True
Is 7490 a multiple of 23?
False
Is 1904 a multiple of 7?
True
Does 83 divide 3965?
False
Is 32 a factor of 45396?
False
Is 74261 a multiple of 157?
True
Is 17059 a multiple of 10?
False
Is 70705 a multiple of 245?
False
Does 13 divide 44906?
False
Is 12 a factor of 2604?
True
Does 76 divide 1140?
True
Is 6713 a multiple of 49?
True
Is 930 a multiple of 15?
True
Does 34 divide 462?
False
Is 13 a factor of 673?
False
Is 3043 a multiple of 111?
False
Is 12 a factor of 78?
False
Is 19 a factor of 1490?
False
Is 6715 a multiple of 85?
True
Is 139 a factor of 7589?
False
Is 219 a multiple of 12?
False
Does 34 divide 49619?
False
Is 378 a multiple of 9?
True
Is 4097 a multiple of 99?
False
Is 115 a factor of 9890?
True
Is 2971 even?
False
Is 249 a multiple of 11?
False
Is 31 a multiple of 19?
False
Does 3 divide 915?
True
Does 16 divide 650?
False
Is 9824 a multiple of 51?
False
Is 1159 a multiple of 18?
False
Is 17736 a multiple of 13?
False
Is 5 a factor of 400?
True
Is 22 a factor of 1305?
False
Is 125 a factor of 33000?
True
Is 91 a factor of 4478?
False
Is 55 a factor of 6081?
False
Is 100 a factor of 2867?
False
Is 41237 a multiple of 43?
True
Is 17 a factor of 22?
False
Is 182344 a multiple of 17?
False
Does 6 divide 171?
False
Is 1543 a multiple of 14?
False
Is 1710 a multiple of 45?
True
Is 26 a factor of 73294?
True
Is 9 a factor of 783?
True
Does 50 divide 550?
True
Is 13 a factor of 51663?
False
Is 3381 a multiple of 13?
False
Does 5 divide 17224?
False
Is 7600 a multiple of 4?
True
Is 36443 a multiple of 11?
True
Does 13 divide 33783?
False
Is 68 a factor of 16374?
False
Is 64 a factor of 3328?
True
Is 25 a factor of 1275?
True
Does 209 divide 23772?
False
Is 33036 a multiple of 12?
True
Is 5 a factor of 370?
True
Is 16 a factor of 16960?
True
Is 4 a factor of 3276?
True
Is 980 a multiple of 70?
True
Is 41 a factor of 7278?
False
Is 5724 a multiple of 95?
False
Is 37 a factor of 6512?
True
Does 17 divide 123699?
False
Is 70 a factor of 1330?
True
Is 664 a multiple of 120?
False
Is 8 a factor of 4176?
True
Is 148 a factor of 8880?
True
Is 3 a factor of 15?
True
Does 20 divide 7188?
False
Is 287 a factor of 35014?
True
Does 22 divide 16943?
False
Is 122 a factor of 11289?
False
Is 7 a factor of 12061?
True
Does 30 divide 134?
False
Is 111 a factor of 13098?
True
Is 230 a multiple of 10?
True
Does 6 divide 256?
False
Is 11 a factor of 1045?
True
Is 671 a multiple of 48?
False
Is 38 a factor of 1828?
False
Does 15 divide 167?
False
Is 117 a factor of 21528?
True
Is 64 a factor of 78400?
True
Is 1415 a multiple of 24?
False
Does 18 divide 3636?
True
Is 3060 a multiple of 17?
True
Is 15 a factor of 710?
False
Is 21 a factor of 1071?
True
Is 9 a multiple of 9?
True
Is 6868 a multiple of 68?
True
Is 38201 a multiple of 21?
False
Is 113 a multiple of 8?
False
Is 206 a factor of 28811?
False
Is 13 a factor of 3978?
True
Is 27 a factor of 790?
False
Is 234 a multiple of 13?
True
Does 18 divide 6568?
False
Is 13 a factor of 103661?
False
Is 7573 a multiple of 6?
False
Does 14 divide 115752?
True
Does 19 divide 65915?
False
Is 75276 a multiple of 272?
False
Is 77 a factor of 11741?
False
Does 110 divide 52413?
False
Is 1034 a multiple of 11?
True
Is 42 a factor of 210?
True
Is 442 a multiple of 13?
True
Does 9 divide 168?
False
Is 7777 a multiple of 77?
True
Is 123 a multiple of 14?
False
Does 36 divide 59?
False
Is 629 a multiple of 29?
False
Does 17 divide 23630?
True
Is 4 a factor of 7112?
True
Is 160 a factor of 4484?
False
Is 5 a factor of 260?
True
Is 27 a factor of 216?
True
Is 30 a factor of 420?
True
Does 28 divide 2800?
True
Is 5785 a multiple of 8?
False
Is 6975 a multiple of 45?
True
Is 1225 a multiple of 35?
True
Is 69927 a multiple of 163?
True
Is 1656 a multiple of 12?
True
Is 72 a factor of 808?
False
Is 146 a factor of 14054?
False
Is 163898 a multiple of 49?
False
Is 5 a factor of 630?
True
Is 206 a factor of 10583?
False
Is 6951 a multiple of 16?
False
Is 23 a factor of 1286?
False
Is 971 a multiple of 133?
False
Is 5888 a multiple of 23?
True
Is 47 a factor of 7351?
False
Is 7944 a multiple of 18?
False
Does 267 divide 66483?
True
Is 12 a factor of 405?
False
Is 51520 a multiple of 16?
True
Does 24 divide 28344?
True
Does 5 divide 30?
True
Does 37 divide 26303?
False
Does 8 divide 7904?
True
Does 66 divide 4543?
False
Is 6680 a multiple of 8?
True
Is 6 a factor of 1626?
True
Is 35 a factor of 999?
False
Is 132 a multiple of 22?
True
Is 29642 a multiple of 251?
False
Does 4 divide 338?
False
Is 3520 a multiple of 20?
True
Does 138 divide 498?
False
Is 12 a factor of 1950?
False
Is 30 a factor of 150?
True
Is 32 a factor of 4434?
False
Is 36 a multiple of 5?
False
Is 123 a multiple of 18?
False
Is 28 a factor of 114881?
False
Does 11 divide 4422?
True
Does 33 divide 399?
False
Is 6990 a multiple of 28?
False
Does 18 divide 144?
True
Is 3 a factor of 861?
True
Is 60914 a multiple of 19?
True
Is 6804 a multiple of 28?
True
Does 213 divide 51159?
False
Does 71 divide 91164?
True
Is 27 a factor of 6015?
False
Is 765 a multiple of 17?
True
Is 1055 a multiple of 19?
False
Is 97040 a multiple of 80?
True
Is 21540 a multiple of 12?
True
Is 17390 a multiple of 14?
False
Does 19 divide 17613?
True
Does 32 divide 19168?
True
Does 10 divide 36150?
True
Does 14 divide 104343?
False
Is 28 a factor of 23380?
True
Is 9520 a multiple of 8?
True
Is 2040 a multiple of 24?
True
Does 16 divide 13152?
True
Does 17 divide 4147?
False
Is 8 a factor of 406?
False
Is 4 a factor of 6176?
True
Does 45 divide 5625?
True
Is 463 a multiple of 3?
False
Is 756 a multiple of 36?
True
Is 4211 a multiple of 16?
False
Is 16 a factor of 41680?
True
Is 145 a factor of 6579?
False
Is 10465 a multiple of 7?
True
Is 17 a factor of 2998?
False
Does 65 divide 17975?
False
Is 32 a factor of 3706?
False
Is 2604 a multiple of 31?
True
Is 12 a factor of 5292?
True
Does 23 divide 1449?
True
Is 19251 a multiple of 27?
True
Does 82 divide 108814?
True
Does 27 divide 25731?
True
Does 14 divide 898?
False
Does 13 divide 3705?
True
Is 37 a factor of 6179?
True
Is 11 a factor of 122884?
False
Is 39563 a multiple of 18?
False
Is 17135 a multiple of 33?
False
Does 34 divide 850?
True
Is 154 a factor of 32581?
False
Is 1991 a multiple of 86?
False
Is 144382 a multiple of 22?
False
Does 12 divide 4372?
False
Does 169 divide 38701?
True
Does 48 divide 1599?
False
Does 16 divide 3653?
False
Is 6760 a multiple of 15?
False
Does 7 divide 10962?
True
Is 51414 a multiple of 246?
True
Is 138 a factor of 2222?
False
Is 20 a factor of 273?
False
Is 21 a factor of 5907?
False
Does 14 divide 294?
True
Does 75 divide 735?
False
Is 33 a factor of 3564?
True
Does 10 divide 2884?
False
Does 14 divide 7952?
True
Does 8 divide 9174?
False
Is 26 a factor of 468?
True
Is 52 a factor of 40949?
False
Does 19 divide 1140?
True
Does 12 divide 684?
True
Is 136 a factor of 24193?
False
Is 7633 a multiple of 51?
False
Is 173 a factor of 49545?
False
Does 49 divide 21707?
True
Is 1503 a multiple of 72?
False
Is 21 a factor of 18039?
True
Is 76747 a multiple of 76?
False
Is 59 a factor of 2357?
False
Is 5 a factor of 10?
True
Is 170 a multiple of 15?
False
Does 45 divide 5355?
True
Is 617 a multiple of 58?
False
Is 2280 a multiple of 57?
True
Is 11 a factor of 912?
False
Is 13 a factor of 312?
True
Does 21 divide 15561?
True
Is 43 a factor of 145?
False
Is 177 a multiple of 2?
False
Does 29 divide 29?
True
Is 15 a factor of 44625?
True
Is 18452 a multiple of 17?
False
Does 31 divide 30814?
True
Is 99 a factor of 792?
True
Is 7 a factor of 1328?
False
